{"id":258,"date":"2016-08-22T15:49:20","date_gmt":"2016-08-22T15:49:20","guid":{"rendered":"http:\/\/kulturellevereinigung.ch\/?page_id=258"},"modified":"2017-08-16T14:16:39","modified_gmt":"2017-08-16T14:16:39","slug":"jahresprogramm-3","status":"publish","type":"page","link":"https:\/\/kulturellevereinigung.ch\/?page_id=258","title":{"rendered":"Jahresprogramm 2016\/17"},"content":{"rendered":"<p><strong><em>Vortr\u00e4ge<\/em><\/strong><em>, in der Regel im Kursaal des Grand Resort Bad RAGAZ<br \/>\n<\/em><em>(bitte separate Einladungen und Anfangszeiten beachten)<\/em><\/p>\n<table width=\"657\">\n<tbody>\n<tr>\n<td valign=\"\u00abtop\u00bb\" width=\"283\">Mi, 21. September 2016, 20.00 Uhr<\/p>\n<p>Dr. Marco Giacometti<\/td>\n<td valign=\"\u00abtop\u00bb\" width=\"374\"><strong>Das Bergell \u2013 Tal der Giacomettis<\/strong><\/td>\n<\/tr>\n<tr>\n<td valign=\"\u00abtop\u00bb\" width=\"283\">So, 30. Oktober 2016, 17.00 Uhr<\/p>\n<p>Tobias Hauser<\/td>\n<td valign=\"\u00abtop\u00bb\" width=\"374\"><strong>Philippinen \u2013 7107 Inseln voller Kontraste<\/strong><\/td>\n<\/tr>\n<tr>\n<td valign=\"\u00abtop\u00bb\" width=\"283\">Mi, 16. November 2016, 20.00 Uhr<\/p>\n<p>Carmen Gasser &amp; Remo Derungs<\/td>\n<td valign=\"\u00abtop\u00bb\" width=\"374\"><strong>Auf Bestehendes reagieren: Innenarchitektur \u2013 Architektur &#8211; Design <\/strong><\/td>\n<\/tr>\n<tr>\n<td valign=\"\u00abtop\u00bb\" width=\"283\">So, 4. Dezember 2016, 17.00 Uhr<\/p>\n<p>Arthur Honegger<\/td>\n<td valign=\"\u00abtop\u00bb\" width=\"374\"><strong>USA \u2013 quo vadis?<\/strong><\/p>\n<p><strong>eine Nachlese zu den Wahlen und mehr<\/strong><\/td>\n<\/tr>\n<tr>\n<td valign=\"\u00abtop\u00bb\" width=\"283\">So, 22. Januar 2017, ca. 09.00 Uhr<\/p>\n<p>mit Gemeindebibliothek<\/td>\n<td valign=\"\u00abtop\u00bb\" width=\"374\"><strong>Literarisches Fr\u00fchst\u00fcck mit Catalin Florescu<\/strong><\/p>\n<p>im Sorell Hotel Tamina<\/td>\n<\/tr>\n<tr>\n<td valign=\"\u00abtop\u00bb\" width=\"283\">Mi, 1. Februar 2017, 20.00 Uhr<\/p>\n<p>Silver Hesse<\/p>\n<p>im Gespr\u00e4ch mit Martin Keller<\/td>\n<td valign=\"\u00abtop\u00bb\" width=\"374\"><strong>Erinnerungen an meinen Nonno <\/strong><\/p>\n<p><strong>Hermann Hesse<\/strong><\/td>\n<\/tr>\n<tr>\n<td valign=\"\u00abtop\u00bb\" width=\"283\">So, 19. Februar 2017, 17.00 Uhr<\/p>\n<p>Fredy Knie junior<\/p>\n<p>im Gespr\u00e4ch mit Renato Bergamin<\/td>\n<td valign=\"\u00abtop\u00bb\" width=\"374\"><strong>Ein Leben im und mit dem Zirkus Knie<\/strong><\/td>\n<\/tr>\n<tr>\n<td valign=\"\u00abtop\u00bb\" width=\"283\">Mi, 1, M\u00e4rz 2017, 20.00 Uhr<\/p>\n<p>Dr. Peter Gysling<\/td>\n<td valign=\"\u00abtop\u00bb\" width=\"374\"><strong>25 Jahre nach dem Zerfall der UdSSR<\/strong><\/td>\n<\/tr>\n<tr>\n<td valign=\"\u00abtop\u00bb\" width=\"283\">So, 12. M\u00e4rz 2017, 17.00 Uhr<\/p>\n<p>Andreas Caminada<\/p>\n<p>im Gespr\u00e4ch mit Chasper Pult<\/td>\n<td valign=\"\u00abtop\u00bb\" width=\"374\"><strong>Kunst aus der K\u00fcche. L\u00fcste und Gel\u00fcste.<\/strong><\/td>\n<\/tr>\n<tr>\n<td valign=\"\u00abtop\u00bb\" width=\"283\">Mi, 10. Mai 2017, 20.00 Uhr<\/td>\n<td valign=\"\u00abtop\u00bb\" width=\"374\"><strong>Hauptversammlung<\/strong><\/td>\n<\/tr>\n<\/tbody>\n<\/table>\n<h2>Jahresbrief<\/h2>\n<p><em>\u00abWenn wir einen Menschen gl\u00fccklicher und heiterer machen k\u00f6nnen, so sollten wir es in jedem Fall tun, mag er uns darum bitten oder nicht.\u00bb Hermann Hesse, aus: das Glasperlenspiel<\/em><\/p>\n<p>Sehr gesch\u00e4tzte Mitglieder der Kulturellen Vereinigung<\/p>\n<p>Sind Sie auch der Ansicht, dass \u00abKultur\u00bb durchaus gl\u00fccklich, oder zumindest heiter, machen kann? Wir haben uns bem\u00fcht, ein m\u00f6glichst attraktives Angebot an Veranstaltungen zusammenzustellen: So unternehmen wir mit Ihnen zusammen gerne eine Reise an verschiedenste Orte: in die Wakkergemeinde Bergell, auf das Inselreich der Philippinen, in den Zirkus, in die USA und nach Russland. Aber auch in die Literatur (bei Hesse mit der Stimme seines Enkels), in Wohnr\u00e4ume bei Gasser&amp;Derungs und schliesslich in Caminadas Spitzengastronomie! Es ist uns stets ein Anliegen, G\u00e4ste zu gewinnen, die etwas zu sagen haben, und wir freuen uns sehr, wenn Sie den einen und\/ oder anderen Anlass besuchen m\u00f6gen! Vielleicht kehren Sie nach einem Vortrag \u00abbegl\u00fcckt\u00bb oder \u00aberheitert\u00bb nachhause.<\/p>\n<p>Sie halten mit diesem gelben Blatt der Kulturellen Vereinigung das neue Jahresprogramm in Ihren H\u00e4nden, im wahrsten Sinne des Wortes in physischer Form. Im Vorstand diskutieren wir immer wieder, ob diese papierne Form nicht antiquiert sei. Einiges spricht daf\u00fcr, anderes dagegen \u2013 und doch \u00fcberlassen wir es gerne Ihnen, ob Sie nach wie vor die \u00abgelbe Einladung\u00bb zu einem Anlass per Post erhalten wollen (und diese bei Gefallen hoffentlich an einen gut sichtbaren Ort pinnen und den Termin eintragen) \u2013 oder doch lieber in elektronischer Form mittels PDF. Mit dem Risiko, dass Sie die Post in etwaiger Mail-Flut \u00fcbersehen und den Anlass verpassen.\u00a0 Wollen Sie k\u00fcnftig, wie es bereits ein Drittel unserer Mitglieder macht, per Mail eingeladen werden, bitten wir Sie, unserem Herrn Roman Rupp (r.rupp@bluewin.ch) eine Mitteilung zu senden.<\/p>\n<p>Auch in der kommenden Saison wird an denjenigen Tagen, an denen ein Anlass der kulturellen Vereinigung stattfindet, exklusiv f\u00fcr die Mitglieder der Kulturellen Vereinigung ein 10\u00a0%-Nachlass auf s\u00e4mtliche Konsumationen im Grand Resort angeboten. Profitieren Sie davon: Zeigen Sie schon bei der Bestellung die Karte und geniessen Sie das Angebot.<\/p>\n<p>Herzlichen Dank f\u00fcr die prompte Einzahlung des Jahresbeitrages von Fr.\u00a020.00<\/p>\n<p>Ihre Kulturelle Vereinigung<\/p>\n<p>Renato Bergamin, Pr\u00e4sident<\/p>\n","protected":false},"excerpt":{"rendered":"<p>Vortr\u00e4ge, in der Regel im Kursaal des Grand Resort Bad RAGAZ (bitte separate Einladungen und Anfangszeiten beachten) Mi, 21. September 2016, 20.00 Uhr Dr. Marco Giacometti Das Bergell \u2013 Tal der Giacomettis So, 30. Oktober 2016, 17.00 Uhr Tobias Hauser Philippinen \u2013 7107 Inseln voller Kontraste Mi, 16. November 2016, 20.00 Uhr Carmen Gasser &amp; &hellip; <a href=\"https:\/\/kulturellevereinigung.ch\/?page_id=258\" class=\"more-link\"><span class=\"screen-reader-text\">Jahresprogramm 2016\/17<\/span> weiterlesen <span class=\"meta-nav\">&rarr;<\/span><\/a><\/p>\n","protected":false},"author":1,"featured_media":0,"parent":35,"menu_order":0,"comment_status":"closed","ping_status":"closed","template":"","meta":{"footnotes":""},"class_list":["post-258","page","type-page","status-publish","hentry"],"_links":{"self":[{"href":"https:\/\/kulturellevereinigung.ch\/index.php?rest_route=\/wp\/v2\/pages\/258","targetHints":{"allow":["GET"]}}],"collection":[{"href":"https:\/\/kulturellevereinigung.ch\/index.php?rest_route=\/wp\/v2\/pages"}],"about":[{"href":"https:\/\/kulturellevereinigung.ch\/index.php?rest_route=\/wp\/v2\/types\/page"}],"author":[{"embeddable":true,"href":"https:\/\/kulturellevereinigung.ch\/index.php?rest_route=\/wp\/v2\/users\/1"}],"replies":[{"embeddable":true,"href":"https:\/\/kulturellevereinigung.ch\/index.php?rest_route=%2Fwp%2Fv2%2Fcomments&post=258"}],"version-history":[{"count":10,"href":"https:\/\/kulturellevereinigung.ch\/index.php?rest_route=\/wp\/v2\/pages\/258\/revisions"}],"predecessor-version":[{"id":485,"href":"https:\/\/kulturellevereinigung.ch\/index.php?rest_route=\/wp\/v2\/pages\/258\/revisions\/485"}],"up":[{"embeddable":true,"href":"https:\/\/kulturellevereinigung.ch\/index.php?rest_route=\/wp\/v2\/pages\/35"}],"wp:attachment":[{"href":"https:\/\/kulturellevereinigung.ch\/index.php?rest_route=%2Fwp%2Fv2%2Fmedia&parent=258"}],"curies":[{"name":"wp","href":"https:\/\/api.w.org\/{rel}","templated":true}]}}

<p><strong><em>Vorträge</em></strong><em>, in der Regel im Kursaal des Grand Resort Bad RAGAZ<br />
</em><em>(bitte separate Einladungen und Anfangszeiten beachten)</em></p>
<table width="657">
<tbody>
<tr>
<td valign="«top»" width="283">Mi, 21. September 2016, 20.00 Uhr</p>
<p>Dr. Marco Giacometti</td>
<td valign="«top»" width="374"><strong>Das Bergell – Tal der Giacomettis</strong></td>
</tr>
<tr>
<td valign="«top»" width="283">So, 30. Oktober 2016, 17.00 Uhr</p>
<p>Tobias Hauser</td>
<td valign="«top»" width="374"><strong>Philippinen – 7107 Inseln voller Kontraste</strong></td>
</tr>
<tr>
<td valign="«top»" width="283">Mi, 16. November 2016, 20.00 Uhr</p>
<p>Carmen Gasser &amp; Remo Derungs</td>
<td valign="«top»" width="374"><strong>Auf Bestehendes reagieren: Innenarchitektur – Architektur &#8211; Design </strong></td>
</tr>
<tr>
<td valign="«top»" width="283">So, 4. Dezember 2016, 17.00 Uhr</p>
<p>Arthur Honegger</td>
<td valign="«top»" width="374"><strong>USA – quo vadis?</strong></p>
<p><strong>eine Nachlese zu den Wahlen und mehr</strong></td>
</tr>
<tr>
<td valign="«top»" width="283">So, 22. Januar 2017, ca. 09.00 Uhr</p>
<p>mit Gemeindebibliothek</td>
<td valign="«top»" width="374"><strong>Literarisches Frühstück mit Catalin Florescu</strong></p>
<p>im Sorell Hotel Tamina</td>
</tr>
<tr>
<td valign="«top»" width="283">Mi, 1. Februar 2017, 20.00 Uhr</p>
<p>Silver Hesse</p>
<p>im Gespräch mit Martin Keller</td>
<td valign="«top»" width="374"><strong>Erinnerungen an meinen Nonno </strong></p>
<p><strong>Hermann Hesse</strong></td>
</tr>
<tr>
<td valign="«top»" width="283">So, 19. Februar 2017, 17.00 Uhr</p>
<p>Fredy Knie junior</p>
<p>im Gespräch mit Renato Bergamin</td>
<td valign="«top»" width="374"><strong>Ein Leben im und mit dem Zirkus Knie</strong></td>
</tr>
<tr>
<td valign="«top»" width="283">Mi, 1, März 2017, 20.00 Uhr</p>
<p>Dr. Peter Gysling</td>
<td valign="«top»" width="374"><strong>25 Jahre nach dem Zerfall der UdSSR</strong></td>
</tr>
<tr>
<td valign="«top»" width="283">So, 12. März 2017, 17.00 Uhr</p>
<p>Andreas Caminada</p>
<p>im Gespräch mit Chasper Pult</td>
<td valign="«top»" width="374"><strong>Kunst aus der Küche. Lüste und Gelüste.</strong></td>
</tr>
<tr>
<td valign="«top»" width="283">Mi, 10. Mai 2017, 20.00 Uhr</td>
<td valign="«top»" width="374"><strong>Hauptversammlung</strong></td>
</tr>
</tbody>
</table>
<h2>Jahresbrief</h2>
<p><em>«Wenn wir einen Menschen glücklicher und heiterer machen können, so sollten wir es in jedem Fall tun, mag er uns darum bitten oder nicht.» Hermann Hesse, aus: das Glasperlenspiel</em></p>
<p>Sehr geschätzte Mitglieder der Kulturellen Vereinigung</p>
<p>Sind Sie auch der Ansicht, dass «Kultur» durchaus glücklich, oder zumindest heiter, machen kann? Wir haben uns bemüht, ein möglichst attraktives Angebot an Veranstaltungen zusammenzustellen: So unternehmen wir mit Ihnen zusammen gerne eine Reise an verschiedenste Orte: in die Wakkergemeinde Bergell, auf das Inselreich der Philippinen, in den Zirkus, in die USA und nach Russland. Aber auch in die Literatur (bei Hesse mit der Stimme seines Enkels), in Wohnräume bei Gasser&amp;Derungs und schliesslich in Caminadas Spitzengastronomie! Es ist uns stets ein Anliegen, Gäste zu gewinnen, die etwas zu sagen haben, und wir freuen uns sehr, wenn Sie den einen und/ oder anderen Anlass besuchen mögen! Vielleicht kehren Sie nach einem Vortrag «beglückt» oder «erheitert» nachhause.</p>
<p>Sie halten mit diesem gelben Blatt der Kulturellen Vereinigung das neue Jahresprogramm in Ihren Händen, im wahrsten Sinne des Wortes in physischer Form. Im Vorstand diskutieren wir immer wieder, ob diese papierne Form nicht antiquiert sei. Einiges spricht dafür, anderes dagegen – und doch überlassen wir es gerne Ihnen, ob Sie nach wie vor die «gelbe Einladung» zu einem Anlass per Post erhalten wollen (und diese bei Gefallen hoffentlich an einen gut sichtbaren Ort pinnen und den Termin eintragen) – oder doch lieber in elektronischer Form mittels PDF. Mit dem Risiko, dass Sie die Post in etwaiger Mail-Flut übersehen und den Anlass verpassen.  Wollen Sie künftig, wie es bereits ein Drittel unserer Mitglieder macht, per Mail eingeladen werden, bitten wir Sie, unserem Herrn Roman Rupp (r.rupp@bluewin.ch) eine Mitteilung zu senden.</p>
<p>Auch in der kommenden Saison wird an denjenigen Tagen, an denen ein Anlass der kulturellen Vereinigung stattfindet, exklusiv für die Mitglieder der Kulturellen Vereinigung ein 10 %-Nachlass auf sämtliche Konsumationen im Grand Resort angeboten. Profitieren Sie davon: Zeigen Sie schon bei der Bestellung die Karte und geniessen Sie das Angebot.</p>
<p>Herzlichen Dank für die prompte Einzahlung des Jahresbeitrages von Fr. 20.00</p>
<p>Ihre Kulturelle Vereinigung</p>
<p>Renato Bergamin, Präsident</p>

<p>Vorträge, in der Regel im Kursaal des Grand Resort Bad RAGAZ (bitte separate Einladungen und Anfangszeiten beachten) Mi, 21. September 2016, 20.00 Uhr Dr. Marco Giacometti Das Bergell – Tal der Giacomettis So, 30. Oktober 2016, 17.00 Uhr Tobias Hauser Philippinen – 7107 Inseln voller Kontraste Mi, 16. November 2016, 20.00 Uhr Carmen Gasser &amp; &hellip; <a href="https://kulturellevereinigung.ch/?page_id=258" class="more-link"><span class="screen-reader-text">Jahresprogramm 2016/17</span> weiterlesen <span class="meta-nav">&rarr;</span></a></p>
