{"id":598,"date":"2018-08-23T16:58:17","date_gmt":"2018-08-23T16:58:17","guid":{"rendered":"http:\/\/kulturellevereinigung.ch\/?page_id=598"},"modified":"2019-08-29T14:58:03","modified_gmt":"2019-08-29T14:58:03","slug":"jahresprogramm-2018-19","status":"publish","type":"page","link":"https:\/\/kulturellevereinigung.ch\/?page_id=598","title":{"rendered":"Jahresprogramm 2018\/19"},"content":{"rendered":"<p><strong><em>Vortr\u00e4ge<\/em><\/strong><em>, in der Regel im Kursaal des Grand Resort Bad RAGAZ<br \/>\n<\/em><em>(bitte separate Einladungen und Anfangszeiten beachten)<\/em><\/p>\n<table width=\"657\">\n<tbody>\n<tr>\n<td valign=\"\u00abtop\u00bb\" width=\"283\">Mi, 12. September 2018, 20.00 Uhr<br \/>\nConrad Amber<\/td>\n<td valign=\"\u00abtop\u00bb\" width=\"374\"><strong>Die Stimme der B\u00e4ume<\/strong><\/td>\n<\/tr>\n<tr>\n<td valign=\"\u00abtop\u00bb\" width=\"283\">Mi, 31. Oktober 2018, 20.00 Uhr<br \/>\nSchultheiss &amp; Baltensperger<\/td>\n<td valign=\"\u00abtop\u00bb\" width=\"374\"><strong>\u201eTalisker Atlantic Challenge\u201c \u2013 ein live-Bericht des Transatlantik Ruderrennens<\/strong><\/td>\n<\/tr>\n<tr>\n<td valign=\"\u00abtop\u00bb\" width=\"283\">Fr, 16. November 2018, 20.00 Uhr<br \/>\nDr. Patrik W\u00fclser<\/td>\n<td valign=\"\u00abtop\u00bb\" width=\"374\"><strong>Was k\u00f6nnen wir von Afrika lernen?<\/strong><\/td>\n<\/tr>\n<tr>\n<td valign=\"\u00abtop\u00bb\" width=\"283\">Do, 17. Januar 2019, 20.00 Uhr<br \/>\nDr. Heiko Beyer<\/td>\n<td valign=\"\u00abtop\u00bb\" width=\"374\"><strong>Argentinien \u2013<br \/>\nAbenteuer zwischen Tropen und Eis<\/strong><\/td>\n<\/tr>\n<tr>\n<td valign=\"\u00abtop\u00bb\" width=\"283\">So, 27. Januar 2019, ca. 09.30 Uhr<br \/>\nmit Gemeindebibliothek<\/td>\n<td valign=\"\u00abtop\u00bb\" width=\"374\"><strong>Literarisches Fr\u00fchst\u00fcck mit Melinda Abonji<\/strong><br \/>\nim Sorell Hotel Tamina<\/td>\n<\/tr>\n<tr>\n<td valign=\"\u00abtop\u00bb\" width=\"283\">Mi, 27. Februar 2019, 20.00 Uhr<br \/>\nProf. Dr. Peter Jenni<\/td>\n<td valign=\"\u00abtop\u00bb\" width=\"374\"><strong>Dem Higgs-Teilchen auf der Spur!<br \/>\nEin Einblick in die Teilchenphysik des CERN<\/strong><\/td>\n<\/tr>\n<tr>\n<td valign=\"\u00abtop\u00bb\" width=\"283\">Mi, 13. M\u00e4rz 2019, 20.00 Uhr<br \/>\nDr. Matthias Frehner<\/td>\n<td valign=\"\u00abtop\u00bb\" width=\"374\"><strong>100 Jahre Ferdinand Hodler<\/strong><\/td>\n<\/tr>\n<tr>\n<td valign=\"\u00abtop\u00bb\" width=\"283\">Mi, 15. Mai 2019, 19.30 Uhr<br \/>\nHV Jubil\u00e4umsanlass<\/td>\n<td valign=\"\u00abtop\u00bb\" width=\"374\"><strong>Hauptversammlung mit Konzert von<br \/>\nMarcus &amp; Alexi<\/strong><\/td>\n<\/tr>\n<\/tbody>\n<\/table>\n<h2>Jahresbrief<\/h2>\n<p><em>\u00abLernen ist wie Rudern gegen den Strom. H\u00f6rt man damit auf, treibt man zur\u00fcck.\u00bb Laotse, 6.\u00a0Jh.\u00a0v.\u00a0Chr.<\/em><\/p>\n<p>Liebe Mitglieder der Kulturellen Vereinigung<\/p>\n<p>Das neue Vereinsjahr ist ein besonderes: Die Kulturelle Vereinigung von Bad Ragaz feiert im Jahr 2019 ihren 50. Geburtstag! Seit einem halben Jahrhundert existiert f\u00fcr deren Mitglieder und G\u00e4ste ein Kulturprogramm mit einer reichhaltigen Palette an Referaten und Vortr\u00e4gen; insgesamt werden es wohl gegen 500 Veranstaltungen gewesen sein, die wir sowie unsere Vorg\u00e4ngerinnen und Vorg\u00e4nger im Vorstand Ihnen im Laufe dieser Zeit geboten haben. Wir rudern, ganz im Sinne Laotses, zusammen mit unseren Mitgliedern gegen den Strom und erweitern dadurch st\u00e4ndig und stetig unseren Horizont. An unserer Generalversammlung vom 15. Mai 2019 wollen wir auf die Entstehung der Vereinigung und die kulturelle Aktivit\u00e4t zur\u00fcckschauen und gemeinsam mit Ihnen feiern. Ein tolles Konzert umrahmt den Jubil\u00e4umsanlass. Sch\u00f6n, wenn Sie dann dabei sein k\u00f6nnen!<br \/>\nDas neue Jahresprogramm bietet wie gewohnt eine Reihe von Vortr\u00e4gen, deren Referenten aus erster Hand Hintergr\u00fcndiges liefern. Dass wir unter anderem \u00fcber das h\u00e4rteste Ruderrennen der Welt berichten, ist dann doch eher dem Zufall zu verdanken&#8230; Und mit Melinda Abonji ist es uns und der Gemeindebibliothek gelungen, die schweizerische und deutsche Buch-Doppelpreistr\u00e4gerin 2010 f\u00fcr eine Lesung zu gewinnen.<\/p>\n<p>Wir freuen uns, wenn Sie weiterhin mit uns \u201erudern\u201c und die eine oder andere Veranstaltung besuchen!<\/p>\n<p>W\u00fcnschen auch Sie k\u00fcnftig eine Einladung per Mail? Schreiben Sie unserem Vorstandsmitglied Roman Rupp (r.rupp@bluewin.ch) eine kurze Mitteilung und helfen uns damit, den administrativen Aufwand zu verringern und Kosten einzusparen.<\/p>\n<p>Wie in den Vorjahren wird an denjenigen Tagen, an denen ein Anlass der kulturellen Vereinigung stattfindet, exklusiv f\u00fcr die Mitglieder der Kulturellen Vereinigung ein 10\u00a0%-Nachlass auf s\u00e4mtliche Konsumationen im Grand Resort angeboten. Profitieren Sie davon: Zeigen Sie schon bei der Bestellung Ihre Karte und geniessen Sie das reichhaltige Angebot.<\/p>\n<p>Herzlichen Dank wie immer f\u00fcr die rasche Einzahlung des Jahresbeitrages von Fr. 20.00<\/p>\n<p>Ihre Kulturelle Vereinigung<\/p>\n<p>Renato Bergamin, Pr\u00e4sident<\/p>\n","protected":false},"excerpt":{"rendered":"<p>Vortr\u00e4ge, in der Regel im Kursaal des Grand Resort Bad RAGAZ (bitte separate Einladungen und Anfangszeiten beachten) Mi, 12. September 2018, 20.00 Uhr Conrad Amber Die Stimme der B\u00e4ume Mi, 31. Oktober 2018, 20.00 Uhr Schultheiss &amp; Baltensperger \u201eTalisker Atlantic Challenge\u201c \u2013 ein live-Bericht des Transatlantik Ruderrennens Fr, 16. November 2018, 20.00 Uhr Dr. Patrik &hellip; <a href=\"https:\/\/kulturellevereinigung.ch\/?page_id=598\" class=\"more-link\"><span class=\"screen-reader-text\">Jahresprogramm 2018\/19<\/span> weiterlesen <span class=\"meta-nav\">&rarr;<\/span><\/a><\/p>\n","protected":false},"author":1,"featured_media":0,"parent":35,"menu_order":0,"comment_status":"closed","ping_status":"closed","template":"","meta":{"footnotes":""},"class_list":["post-598","page","type-page","status-publish","hentry"],"_links":{"self":[{"href":"https:\/\/kulturellevereinigung.ch\/index.php?rest_route=\/wp\/v2\/pages\/598","targetHints":{"allow":["GET"]}}],"collection":[{"href":"https:\/\/kulturellevereinigung.ch\/index.php?rest_route=\/wp\/v2\/pages"}],"about":[{"href":"https:\/\/kulturellevereinigung.ch\/index.php?rest_route=\/wp\/v2\/types\/page"}],"author":[{"embeddable":true,"href":"https:\/\/kulturellevereinigung.ch\/index.php?rest_route=\/wp\/v2\/users\/1"}],"replies":[{"embeddable":true,"href":"https:\/\/kulturellevereinigung.ch\/index.php?rest_route=%2Fwp%2Fv2%2Fcomments&post=598"}],"version-history":[{"count":7,"href":"https:\/\/kulturellevereinigung.ch\/index.php?rest_route=\/wp\/v2\/pages\/598\/revisions"}],"predecessor-version":[{"id":640,"href":"https:\/\/kulturellevereinigung.ch\/index.php?rest_route=\/wp\/v2\/pages\/598\/revisions\/640"}],"up":[{"embeddable":true,"href":"https:\/\/kulturellevereinigung.ch\/index.php?rest_route=\/wp\/v2\/pages\/35"}],"wp:attachment":[{"href":"https:\/\/kulturellevereinigung.ch\/index.php?rest_route=%2Fwp%2Fv2%2Fmedia&parent=598"}],"curies":[{"name":"wp","href":"https:\/\/api.w.org\/{rel}","templated":true}]}}