{"id":997,"date":"2022-08-31T15:05:27","date_gmt":"2022-08-31T15:05:27","guid":{"rendered":"https:\/\/kulturellevereinigung.ch\/?page_id=997"},"modified":"2023-08-23T11:10:50","modified_gmt":"2023-08-23T11:10:50","slug":"jahresprogramm-2022-2023","status":"publish","type":"page","link":"https:\/\/kulturellevereinigung.ch\/?page_id=997","title":{"rendered":"Jahresprogramm 2022\/2023"},"content":{"rendered":"<p><em>In der Regel im Kursaal des Grand Resort Bad Ragaz<br \/>\nBitte konsultieren Sie vorg\u00e4ngig unsere Homepage <a href=\"http:\/\/www.kulturellevereinigung.ch\">www.kulturellevereinigung.ch<\/a><br \/>\n<\/em><\/p>\n<table width=\"750\">\n<tbody>\n<tr>\n<td valign=\"top\" width=\"400\">Fr, 30. September 2022, 20.00 Uhr<br \/>\nDr. Roger de Weck, Publizist und \u00d6konom, ehem. Direktor SRF<\/td>\n<td valign=\"top\" width=\"350\"><strong>Die Kraft der Demokratie <\/strong><\/td>\n<\/tr>\n<tr>\n<td valign=\"top\" width=\"400\">Mi, 26. Oktober 2022, 20.00 Uhr<br \/>\nDr. Andreas Moser, ehem. Moderator Netz Natur SRF; in Zusammenarbeit mit proR<\/td>\n<td valign=\"top\" width=\"350\"><strong>Biodiversit\u00e4t<br \/>\n<\/strong><strong>Schlagwort oder Notwendigkeit?<\/strong><br \/>\n<strong>\u00a0<\/strong><\/td>\n<\/tr>\n<tr>\n<td valign=\"top\" width=\"400\">Mi, 30. November 2022, 20.00 Uhr<br \/>\nDr. Florianne Koechlin, Biologin<\/td>\n<td valign=\"top\" width=\"350\"><strong>Die\u00a0D\u00fcfte\u00a0der\u00a0Nachbarin:<br \/>\nwie\u00a0Pflanzen\u00a0kommunizieren\u00a0und\u00a0sich\u00a0vernetzen<\/strong><\/td>\n<\/tr>\n<tr>\n<td valign=\"top\" width=\"400\">Mi, 18. Januar 2023<br \/>\nSusanne Brunner, ehemalige<br \/>\nNahostkorrespondentin SRF<\/td>\n<td valign=\"top\" width=\"350\"><strong>Die Stellung der Frau im arabischen Raum<\/strong><\/td>\n<\/tr>\n<tr>\n<td valign=\"top\" width=\"400\">Mi, 8. Februar 2023, 20.00 Uhr<br \/>\nMartin Engelmann, Fotograf und Reise<\/td>\n<td valign=\"top\" width=\"350\"><strong>Sizilien \u2013 Insel im Licht<\/strong><\/td>\n<\/tr>\n<tr>\n<td valign=\"top\" width=\"400\">Di, 28. Februar 2023, 20.00 Uhr<br \/>\nProf. Dr. Elisabeth Bronfen, Kultur- und Literaturwissenschaftlerin<\/td>\n<td valign=\"top\" width=\"350\"><strong>Ein Atelier f\u00fcr sich alleine:<br \/>\n<\/strong><strong style=\"font-size: revert; font-family: inherit;\">Geschichte der K\u00fcnstlerinnen<\/strong><\/td>\n<\/tr>\n<tr>\n<td valign=\"top\" width=\"400\">Mi, 22. M\u00e4rz 2023, 20.00 Uhr<br \/>\nEugene Chaplin<\/td>\n<td valign=\"top\" width=\"350\"><strong>Leben und Werk meines Vaters Charlie Chaplin<br \/>\n<\/strong>(Gespr\u00e4ch auf Franz\u00f6sisch, mit deutscher Zusammenfassung)<\/td>\n<\/tr>\n<tr>\n<td width=\"400\">Mi, 3. Mai 2023, 20.00 Uhr<br \/>\nFrancesco Benvenuto, Sommelier<\/td>\n<td width=\"350\"><strong>Hauptversammlung<br \/>\n<\/strong><strong style=\"font-size: revert; font-family: inherit;\">\u00f6nologische Umrahmung<\/strong><\/td>\n<\/tr>\n<\/tbody>\n<\/table>\n<h2>Jahresbrief<\/h2>\n<p><strong><em>von Beziehungen in allen Facetten<\/em><\/strong><\/p>\n<p>Liebe Mitglieder der Kulturellen Vereinigung<\/p>\n<p>B\u00fcrgerinnen und B\u00fcrger und ihre Regierungen? Tier und Mensch in der Natur? Kommunizierende B\u00e4ume und Pflanzen? Die Frau im arabischen Raum? Die Griechen und andere V\u00f6lker in Sizilien? Weibliche Kunst? Ein ber\u00fchmter Vater?<br \/>\nSie stellen unschwer selbst fest, dass alle unsere Vortragsthemen der kommenden Saison auf irgendeine Art und Weise mit \u00abBeziehungen\u00bb zu tun haben. Daf\u00fcr konnten wir \u00e4usserst kompetente und Ihnen teilweise bekannte Pers\u00f6nlichkeiten einladen. Sch\u00f6n, wenn wir Sie zahlreich bei uns begr\u00fcssen d\u00fcrfen.<\/p>\n<p>F\u00fcr den Moment ben\u00f6tigen wir von Ihnen zu den Vortr\u00e4gen keine Anmeldung. Aufgrund der Covidsituation oder aus gegebenem Anlass kann sich dies kurzfristig \u00e4ndern. Bitte konsultieren Sie im Vorfeld auch unsere Homepage.<\/p>\n<p>Die H\u00e4lfte unserer Mitglieder erh\u00e4lt die Einladungen zu den Referaten via Mail. W\u00fcnschen auch Sie neu eine elektronische Zustellung der Einladungen? (mit Ausnahme Jahresprogramm)<\/p>\n<hr \/>\n<p>Ja, neu alle Einladungen per E-Mail: Senden Sie bitte eine Nachricht an:\u00a0 <a href=\"mailto:kvragaz@gmail.com\">kvragaz@gmail.com<\/a><\/p>\n<hr \/>\n<p>Wie in den Vorjahren wird an denjenigen Tagen, an denen ein Anlass der Kulturellen Vereinigung stattfindet, exklusiv f\u00fcr die Mitglieder der Kulturellen Vereinigung ein 10&nbsp;%-Nachlass auf s\u00e4mtliche Konsumationen im Grand Resort angeboten. Profitieren Sie davon: Zeigen Sie schon bei der Bestellung Ihre beiliegende Karte und geniessen Sie das reichhaltige Angebot.<\/p>\n<p>Wir freuen uns auf Ihren Besuch.<\/p>\n<p>Herzlichen Dank wie immer f\u00fcr die rasche Einzahlung des Jahresbeitrages von 20 Franken.<\/p>\n<p>Wir freuen uns auf Ihren Besuch.<\/p>\n<p>Ihre Kulturelle Vereinigung<\/p>\n<p>Renato Bergamin, Pr\u00e4sident<\/p>\n","protected":false},"excerpt":{"rendered":"<p>In der Regel im Kursaal des Grand Resort Bad Ragaz Bitte konsultieren Sie vorg\u00e4ngig unsere Homepage www.kulturellevereinigung.ch Fr, 30. September 2022, 20.00 Uhr Dr. Roger de Weck, Publizist und \u00d6konom, ehem. Direktor SRF Die Kraft der Demokratie Mi, 26. Oktober 2022, 20.00 Uhr Dr. Andreas Moser, ehem. Moderator Netz Natur SRF; in Zusammenarbeit mit proR &hellip; <a href=\"https:\/\/kulturellevereinigung.ch\/?page_id=997\" class=\"more-link\"><span class=\"screen-reader-text\">Jahresprogramm 2022\/2023<\/span> weiterlesen <span class=\"meta-nav\">&rarr;<\/span><\/a><\/p>\n","protected":false},"author":1,"featured_media":0,"parent":35,"menu_order":0,"comment_status":"closed","ping_status":"closed","template":"","meta":{"footnotes":""},"class_list":["post-997","page","type-page","status-publish","hentry"],"_links":{"self":[{"href":"https:\/\/kulturellevereinigung.ch\/index.php?rest_route=\/wp\/v2\/pages\/997","targetHints":{"allow":["GET"]}}],"collection":[{"href":"https:\/\/kulturellevereinigung.ch\/index.php?rest_route=\/wp\/v2\/pages"}],"about":[{"href":"https:\/\/kulturellevereinigung.ch\/index.php?rest_route=\/wp\/v2\/types\/page"}],"author":[{"embeddable":true,"href":"https:\/\/kulturellevereinigung.ch\/index.php?rest_route=\/wp\/v2\/users\/1"}],"replies":[{"embeddable":true,"href":"https:\/\/kulturellevereinigung.ch\/index.php?rest_route=%2Fwp%2Fv2%2Fcomments&post=997"}],"version-history":[{"count":20,"href":"https:\/\/kulturellevereinigung.ch\/index.php?rest_route=\/wp\/v2\/pages\/997\/revisions"}],"predecessor-version":[{"id":1118,"href":"https:\/\/kulturellevereinigung.ch\/index.php?rest_route=\/wp\/v2\/pages\/997\/revisions\/1118"}],"up":[{"embeddable":true,"href":"https:\/\/kulturellevereinigung.ch\/index.php?rest_route=\/wp\/v2\/pages\/35"}],"wp:attachment":[{"href":"https:\/\/kulturellevereinigung.ch\/index.php?rest_route=%2Fwp%2Fv2%2Fmedia&parent=997"}],"curies":[{"name":"wp","href":"https:\/\/api.w.org\/{rel}","templated":true}]}}